(v) = 3*b(v) + 5*n(v). Determine u(q).
6
Suppose 32 = -4*n + 5*v, -3*v = -v - 8. Let g = -1 - n. Let m(t) = 2*t**2 + 3*t - t**3 + 0 + g + 0*t**2 - t**2. What is m(3)?
-7
Let a(d) = -44*d**3 - 2*d**2 + 45*d**3 + 3*d**2 - d. Determine a(-2).
-2
Let f be (3/(-6))/(1/2). Let l(x) = 30*x + 1. What is l(f)?
-29
Let z(m) be the third derivative of m**6/120 - m**5/12 - 7*m**4/24 + 5*m**2. Determine z(6).
-6
Let l(s) = s. Let f(n) = -4*n + 1. Let p(j) = -f(j) - 5*l(j). Suppose d = -4*r + 10 - 1, 8 = 2*r + 4*d. Let a be ((2 - 2)/(-1))/r. What is p(a)?
-1
Let u(t) = -2*t**2 - t. Let j = 14 - 13. Give u(j).
-3
Let c(y) = 5*y**2 - 2*y**2 + 0*y**2 + 7 - 8*y - 2*y**2. Determine c(6).
-5
Let z(p) = 11*p - 1. Let q(v) = -2*v. Let k(l) = -5*q(l) - z(l). Let h(s) = s**2 - 4*s - 1. Suppose w = 2 + 2. Let i be h(w). Give k(i).
2
Let h(x) be the third derivative of 1/3*x**3 + 0*x + 2*x**2 + 1/15*x**5 + 0 - 1/8*x**4 - 1/120*x**6. Suppose 6 = 2*s - 0. What is h(s)?
2
Let w(u) be the first derivative of -u**2/2 - 4*u + 2. Give w(-3).
-1
Let m be 5/(3 - (5 + -1)). Let c(i) = -i**3 - 4*i**2 + 3*i - 3. What is c(m)?
7
Let s(k) = k**3 - 5*k**2 - k - 10. Let t(x) = x**3 - 5*x**2 - 9. Let p(m) = -5*s(m) + 6*t(m). Determine p(3).
-7
Let p(g) be the second derivative of 0*g**2 - 10*g + 0 - 1/6*g**3 + 1/6*g**4 - 3/10*g**5. Determine p(1).
-5
Let u(l) = -l**3 - 6*l**2 + l + 2. Let x(i) be the third derivative of -i**6/120 + i**5/10 + i**4/24 - 2*i**3 - 3*i**2. Let s be x(6). Calculate u(s).
-4
Let g(z) = -z**3 - 4*z**2 + 4*z - 2. Let p be g(-5). Suppose -1 - 5 = p*l. Let h(y) = 2*y**3 + y**2 - 2*y + 1. Determine h(l).
-7
Let s(p) be the third derivative of -p**4/12 - 6*p**2. Determine s(3).
-6
Let y be 0*(6/4 + -2). Let u(d) = -3*d + 3 - 1 + y*d. Calculate u(4).
-10
Let f(k) be the second derivative of -k**3/2 - k**2/2 - 15*k. What is f(-4)?
11
Let p(l) = l**3 - l**2 + l. Suppose 1 = 2*k - 3. Let b(r) = -r**3 + 8*r**2 + 3*r + 5. Let u(t) = k*p(t) + b(t). Determine u(-5).
5
Let a be 25/(-3) - -3 - (-4)/(-6). Let h(p) = p**3 + 5*p**2 - 5*p - 7. What is h(a)?
-13
Suppose 0*h = -5*h. Let g(b) be the third derivative of b**4/24 - b**2. Determine g(h).
0
Let s(i) = -6 + 21*i**2 + 0 + 2 - 3*i - 20*i**2. What is s(3)?
-4
Let a(i) = i**2 + 6*i - 5. Let j(y) = y**3 - 7*y**2 - 6*y - 22. Let g be j(8). Determine a(g).
-5
Suppose 0 = -3*l + 5*l - 8. Let u(o) be the second derivative of 1/6*o**3 + 2*o + 0 - 5/2*o**2. What is u(l)?
-1
Let o be (0/(-2*2/2))/(-1). Let u(m) = -m**3 + m + 11. Calculate u(o).
11
Let g = 8 + -5. Let t(m) be the second derivative of -3*m - 1/2*m**2 + 1/12*m**4 + 0 + 1/3*m**g. What is t(-3)?
2
Let a be (-36)/(-21) + (-2)/(-7). Let s(y) = y. Suppose 3*c + 21 = 3. Let k(d) = 4*d + 2. Let x(h) = a*k(h) + c*s(h). Determine x(-5).
-6
Let x(c) = -11*c + 11. Let r(b) = 5*b - 5. Let u(z) = -9*r(z) - 4*x(z). Suppose a + 15 = 3*s, -3*a - 2*s = -5 - 5. Determine u(a).
1
Suppose -5*d = 18 + 12. Let j(u) = 4*u + u**2 - 5*u + 5*u. Determine j(d).
12
Let n(o) = 7*o - 6. Let y(h) = -h**2 + 6*h - 5. Let p(m) = 2*n(m) - 3*y(m). Calculate p(3).
18
Let p(z) be the first derivative of z**3/3 - 3*z**2 + 6*z + 7. Calculate p(6).
6
Suppose -j = -2 - 4. Let l(m) be the first derivative of m**3/3 + 2*m**2 - 8*m + 8. Let w(y) = -y**2 - 4*y + 7. Let r(u) = j*w(u) + 5*l(u). What is r(-5)?
-3
Let x = 18 - 23. Let d(p) be the second derivative of -p**5/20 - 5*p**4/12 + p**3/3 + 3*p**2 + p. Give d(x).
-4
Let p(z) = 1 - z**2 - 3 + 1 + 3*z. Suppose 0*v = 4*v - 12. Determine p(v).
-1
Let w(c) = -1. Let x(d) = d**2 + 3*d. Let o(f) = 4*w(f) - x(f). Calculate o(-4).
-8
Suppose -4*l = 3*u - 2, -2*l - 4*u = -0 + 4. Let k(r) = 2*r - r**2 + l - 3*r + 1. Suppose 0 = -4*w - 4*x + 8, 0 = -3*w - 4*x + 5 + 3. Determine k(w).
3
Let y = -57 + 61. Let u(s) = -s**3 + 3*s**2 + 5*s - 5. What is u(y)?
-1
Suppose -11 = -4*a + i, -3 + 1 = -2*i. Let v be 1/2 - a/(-2). Let z(n) = 3*n**2 + 0*n**2 + 3 + 0*n**2 - 4*n. Determine z(v).
7
Let p(g) be the third derivative of -1/60*g**5 + 0*g - 3/2*g**3 + 1/24*g**4 - 5*g**2 + 0. Determine p(0).
-9
Let a(g) = 5*g - 2. Let i be (4/6)/(6/27). Let n(l) = -5*l + 1 + l + i*l. Let t(x) = a(x) + 4*n(x). Give t(3).
5
Let s be (-18)/15*10/3. Let r = s + 6. Let a(j) = 0*j - j**3 - 1 - 3*j + 3 + 5*j**2. Calculate a(r).
8
Let x(h) = 3*h**3 + 2*h**3 - h - 17*h**2 - 1 + 6*h**2 + 12*h**2. What is x(-1)?
-4
Suppose 2*a - 3*b + 0*b = 0, 6 = 4*a - 3*b. Let p(o) = 2*o + 2. Let h be p(a). Suppose -h + 3 = 4*m - 3*k, 0 = -5*k - 5. Let d(g) = g**3 - 3*g - 2. Give d(m).
-4
Let t(j) be the first derivative of 3*j**2/2 - 6*j + 16. Calculate t(4).
6
Let f be 2*490/56*2/(-5). Let i(m) = -m**2 - 5*m + 9. What is i(f)?
-5
Let c(x) = -x**3 - 2*x**2 + 2*x + 3. Suppose 6 = 4*v - 2. Suppose -2 = 2*m - v*u, -4*m - m = 3*u + 21. Determine c(m).
6
Let n(k) = -k**2 - 8*k + 2. Let t be n(-9). Let a(r) = r**2 + 8*r + 4. Let q be a(t). Let p(d) = -3*d - 3. Give p(q).
6
Let h(b) = b**2 - b. Suppose 6 = a + 3. Suppose 4*r = -3*g + 15 - a, 3*r = g + 9. Calculate h(g).
0
Let r(z) = -5*z**2 + 7*z - 4. Let l(n) = 9*n**2 - 13*n + 8. Let j(y) = -4*l(y) - 7*r(y). What is j(3)?
-4
Let n be ((-84)/70)/(1/5). Let y(t) = 2*t**3 - 6*t**2 - 2*t + 5. Let o(h) = 5*h**3 - 12*h**2 - 5*h + 11. Let a(w) = 3*o(w) - 7*y(w). Determine a(n).
4
Let t(x) = -2*x + 1. Suppose 8*r = 3*r - 5. Calculate t(r).
3
Let x(w) be the second derivative of w**4/12 + 5*w**3/6 - w**2 + w. Give x(-3).
-8
Let m be (7 - 10)/(1/1). Let g(v) be the second derivative of v**5/20 + v**4/3 - 2*v**2 - 4*v. Calculate g(m).
5
Let c(a) = 5 - 5 + 1 - a. Let u be ((-24)/(-16))/(2/(-4)). Calculate c(u).
4
Let x(s) = 3*s**2 - 7*s - 8. Let f(d) = -4*d**2 + 8*d + 9. Let q(c) = -4*f(c) - 5*x(c). What is q(-4)?
8
Let y(i) = 0 + 4*i - 15*i + 16*i - 2. What is y(2)?
8
Let u(d) = 3*d**3 + d**2 - d - 1. Suppose 0 = 2*s + 2 - 6. Suppose 2*r - s*b + 3 = 1, -b = 0. Let p(a) = a**3 + a**2 + 2*a + 1. Let g be p(r). Determine u(g).
-2
Suppose 0 = 2*d + 4*q + q - 14, 5*d - 3*q - 4 = 0. Let i(o) = 6*o**2 - 2*o**2 - 3*o**d + 0*o**2 - 2*o + 3. What is i(3)?
6
Let n(z) = z**3 + 3*z**2 - z + 2. Let o be 6/14 - (-248)/(-56). Calculate n(o).
-10
Let u = 15 - 18. Let h(c) = -3*c + 5. Let a(x) = 15*x - 24. Let i(g) = 5*a(g) + 24*h(g). What is i(u)?
-9
Let u(m) = -m + 9. Suppose -111*h = -106*h. What is u(h)?
9
Let k(x) = 3*x + 7. Suppose 24 = -7*n - 18. What is k(n)?
-11
Suppose 0 = -4*u + 3*h - 20, -u - 18 = -3*h - h. Let o be 3 + (2 - 2) - 1. Let j(p) = 0*p**2 - 3*p + 2*p**o + 5*p. Determine j(u).
4
Suppose -z = -2*z. Suppose s + z = -1, -13 = -5*c - 2*s. Suppose -5*d = 3*w + 2, -18 = -c*d + 3*w - 0*w. Let r(u) = 2*u**2 - u + 1. Determine r(d).
7
Let z(x) = -x**3 - 5*x**2 - 2*x. Let t = -2 + 4. Suppose 2 = -g - t. Calculate z(g).
-8
Suppose 2*p = -29 + 41. Let u(d) = 2*d + 4. Give u(p).
16
Let o(v) be the third derivative of -v**8/6720 - v**7/630 + v**6/240 - v**5/40 - v**4/24 + v**2. Let r(h) be the second derivative of o(h). Calculate r(-5).
7
Let d = 3 - 0. Let h(o) = o**3 - o**2 - 3*o + 3. Give h(d).
12
Let c(h) = h**2 + 6*h + 7. Let v be c(-5). Let l be 0 + 1 - (4 + -8). Let p(q) = l*q - 2*q - 5*q**2 + 4*q**2 + 2 - q. Give p(v).
2
Let q be 0 + (-9)/4 + 2/8. Let l(s) be the third derivative of -s**5/30 + s**3/3 - s**2. Determine l(q).
-6
Let i be (-2 + -1)/(3/2). Let q(l) = 4*l - 5. Let u(r) = 4*r - 4. Let o(j) = j**2 + 6*j - 6. Let y be o(-6). Let z(m) = y*u(m) + 5*q(m). Determine z(i).
7
Let d(o) be the second derivative of o**4/12 + o**3/6 - 2*o**2 - 5*o. Let c(s) = s. Let u be c(0). Determine d(u).
-4
Suppose 0 = -3*u - 4*l - 29, 4*l + 26 = -4*u + 2*u. Let i(y) be the second derivative of y**4/12 + 2*y**3/3 + 2*y**2 + y. Determine i(u).
1
Let r(k) = k + 10. Let c be r(-11). Let u(v) = 11*v**2 + v + 1. What is u(c)?
11
Let w(j) = j + 4. Let r(p) = -4*p**2 + p. Let t be r(1). Let c(s) = s - 4. Let g be c(t). Let o be w(g). Let f(m) = -m**3 - m**2 + 3*m + 1. What is f(o)?
10
Suppose 4*b - 8 = -0*b. Let k(j) = j**3 + 6*j**2 - 9*j - 9. Let d be k(-7). Let s(z) = z + d*z**2 - z**2 - 3*z - 2*z**2. Give s(b).
4
Suppose -4*l + 20 = l. Let d(m) = m**2 - 5*m. Let j be d(l). Let q(s) be the first derivative of s**2/2 + s - 18. Determine q(j).
-3
Let q(s) = s**2 - s + 1. Let m(n) = 3*n**2 + 6*n + 1. Le